{"id":12,"date":"2020-09-09T10:46:43","date_gmt":"2020-09-09T08:46:43","guid":{"rendered":"https:\/\/bioactivefarmaceutica.com\/shop\/?post_type=product&#038;p=12"},"modified":"2020-11-25T18:16:16","modified_gmt":"2020-11-25T17:16:16","slug":"ossilox","status":"publish","type":"product","link":"https:\/\/www.bioactivefarmaceutica.com\/shop\/prodotto\/ossilox\/","title":{"rendered":"Ossilox Spray"},"content":{"rendered":"<p><strong>Ossilox Spray<\/strong> \u00e8 un integratore di <strong>Ossigeno e Zinco<\/strong>, elementi utili a migliorare le proprie difese immunitarie e migliorare le proprie prestazioni sportive.<\/p>\n<p><strong>Ossigeno<\/strong><br \/>\nL&#8217;Ossigeno \u00e8 l&#8217;elemento pi\u00f9 importante per il nostro organismo, \u00e8 fonte di energia in tutte le sue principali funzioni, dalla digestione al rinnovamento cellulare sino al rafforzamento le difese immunitarie.<br \/>\nL\u2019ossigeno agisce da battericida naturale, aiutando a proteggere il cavo orale e le vie respiratorie, aumentando cos\u00ec le difese immunitarie e proteggendo il nostro organismo.<br \/>\nGrazie alla soluzione ASO, Ossilox Spray \u00e8 un concentrato di Ossigeno liquido stabilizzato immediatamente biodisponibile per il nostro organismo, aumentando la concentrazione di Ossigeno nel sangue per una durata di 4 ore.<\/p>\n<p><strong>Zinco<\/strong><br \/>\nLo ZInco stimola il corretto funzionamento del nostro sistema immunitario, aumentando le nostre difese immunitarie e difendendo il nostro organismo da minacce esterne.<br \/>\nUn\u2019apporto giornaliero di Zinco \u00e8 importantissimo durante i periodi dell\u2019anno pi\u00f9 freddi, in cui il nostro organismo \u00e8 pi\u00f9 debole nei confronti di minacce esterne.<\/p>\n<p><strong>Per lo Sport<\/strong><br \/>\nLa soluzione ASO \u00e8 una tecnologia che rende stabile l\u2019Ossigeno in una soluzione liquida immediatamente biodisponibile, offrendo al tuo organismo una carica immediata di Ossigeno, fondamentale per il normale funzionamento dei principali processi cellulari del nostro corpo.<br \/>\nUna maggiore scorta di Ossigeno migliora le prestazioni sportive e previene lo stress muscolare e fisico dato dal deficit di Ossigeno, che innescherebbe un accumulo di acido lattico, con conseguenti dolori muscolari ed affaticamento.<\/p>\n","protected":false},"excerpt":{"rendered":"<p>Scopri immediatamente i benefici di <strong>Ossilox Spray<\/strong>.<br \/>\n<strong>Ossilox Spray<\/strong> \u00e8 un integratore di <strong>Ossigeno e Zinco<\/strong>, elementi utili a migliorare le proprie difese immunitarie e migliorare le proprie prestazioni sportive.<\/p>\n","protected":false},"featured_media":13,"template":"","meta":{"_monsterinsights_skip_tracking":false,"_monsterinsights_sitenote_active":false,"_monsterinsights_sitenote_note":"","_monsterinsights_sitenote_category":0,"spay_email":""},"_links":{"self":[{"href":"https:\/\/www.bioactivefarmaceutica.com\/shop\/wp-json\/wp\/v2\/product\/12"}],"collection":[{"href":"https:\/\/www.bioactivefarmaceutica.com\/shop\/wp-json\/wp\/v2\/product"}],"about":[{"href":"https:\/\/www.bioactivefarmaceutica.com\/shop\/wp-json\/wp\/v2\/types\/product"}],"wp:featuredmedia":[{"embeddable":true,"href":"https:\/\/www.bioactivefarmaceutica.com\/shop\/wp-json\/wp\/v2\/media\/13"}],"wp:attachment":[{"href":"https:\/\/www.bioactivefarmaceutica.com\/shop\/wp-json\/wp\/v2\/media?parent=12"}],"curies":[{"name":"wp","href":"https:\/\/api.w.org\/{rel}","templated":true}]}}